{"id":3405,"date":"2025-10-30T10:29:12","date_gmt":"2025-10-30T09:29:12","guid":{"rendered":"https:\/\/moulin-paul-laurent.fr\/?post_type=product&#038;p=3405"},"modified":"2025-11-27T11:44:44","modified_gmt":"2025-11-27T10:44:44","slug":"huile-de-colza-grillee-a-lancienne-fabrication-artisanale-1-litre","status":"publish","type":"product","link":"https:\/\/moulin-paul-laurent.fr\/?product=huile-de-colza-grillee-a-lancienne-fabrication-artisanale-1-litre","title":{"rendered":"Huile de colza grill\u00e9e \u00e0 l\u2019ancienne \u2013 Fabrication artisanale 1 litre"},"content":{"rendered":"<div>A la une\u00a0 veritable huile de colza grill\u00e9e \u00e0 l&#8217;ancienne<\/div>\n<div>Huile \u00e0 la saveur intense , riche en om\u00e9ga 3, un bienfait pour la sant\u00e9<\/div>\n<p data-start=\"306\" data-end=\"437\">Une huile authentique et riche en ar\u00f4mes, issue de graines de colza lentement grill\u00e9es \u00e0 l\u2019ancienne pour un go\u00fbt unique et raffin\u00e9.<\/p>\n<p data-start=\"306\" data-end=\"437\">Huile de colza grill\u00e9e \u00e0 l\u2019ancienne, \u00e9labor\u00e9e artisanalement. Go\u00fbt authentique, ar\u00f4mes grill\u00e9s et qualit\u00e9 100 % naturelle.<\/p>\n","protected":false},"excerpt":{"rendered":"<p data-start=\"690\" data-end=\"998\">Notre <strong data-start=\"696\" data-end=\"735\">huile de colza grill\u00e9e \u00e0 l\u2019ancienne<\/strong> est obtenue \u00e0 partir de graines soigneusement s\u00e9lectionn\u00e9es et torr\u00e9fi\u00e9es selon une m\u00e9thode traditionnelle.<br data-start=\"843\" data-end=\"846\" \/>La cuisson lente r\u00e9v\u00e8le toute la profondeur aromatique du colza, offrant une huile d\u2019une belle couleur dor\u00e9e et d\u2019un go\u00fbt subtil, l\u00e9g\u00e8rement noisett\u00e9.<\/p>\n<p data-start=\"1000\" data-end=\"1159\">Naturelle, sans additifs ni conservateurs, elle s\u2019utilise aussi bien \u00e0 cru, pour relever vos salades et l\u00e9gumes, qu\u2019en cuisson douce pour sublimer vos plats.<\/p>\n<p data-start=\"1161\" data-end=\"1367\">Riche en om\u00e9ga-3 et en acides gras essentiels, cette huile allie bienfaits nutritionnels, authenticit\u00e9 et saveur d\u2019antan.<br data-start=\"1282\" data-end=\"1285\" \/>Un produit artisanal d\u2019exception, symbole d\u2019un savoir-faire transmis avec passion.<\/p>\n","protected":false},"featured_media":3406,"comment_status":"open","ping_status":"closed","template":"","meta":[],"product_brand":[],"product_cat":[19],"product_tag":[],"class_list":{"0":"post-3405","1":"product","2":"type-product","3":"status-publish","4":"has-post-thumbnail","6":"product_cat-huiles-artisanales","7":"product_shipping_class-litre","9":"first","10":"instock","11":"taxable","12":"shipping-taxable","13":"purchasable","14":"product-type-simple"},"aioseo_notices":[],"_links":{"self":[{"href":"https:\/\/moulin-paul-laurent.fr\/index.php?rest_route=\/wp\/v2\/product\/3405","targetHints":{"allow":["GET"]}}],"collection":[{"href":"https:\/\/moulin-paul-laurent.fr\/index.php?rest_route=\/wp\/v2\/product"}],"about":[{"href":"https:\/\/moulin-paul-laurent.fr\/index.php?rest_route=\/wp\/v2\/types\/product"}],"replies":[{"embeddable":true,"href":"https:\/\/moulin-paul-laurent.fr\/index.php?rest_route=%2Fwp%2Fv2%2Fcomments&post=3405"}],"wp:featuredmedia":[{"embeddable":true,"href":"https:\/\/moulin-paul-laurent.fr\/index.php?rest_route=\/wp\/v2\/media\/3406"}],"wp:attachment":[{"href":"https:\/\/moulin-paul-laurent.fr\/index.php?rest_route=%2Fwp%2Fv2%2Fmedia&parent=3405"}],"wp:term":[{"taxonomy":"product_brand","embeddable":true,"href":"https:\/\/moulin-paul-laurent.fr\/index.php?rest_route=%2Fwp%2Fv2%2Fproduct_brand&post=3405"},{"taxonomy":"product_cat","embeddable":true,"href":"https:\/\/moulin-paul-laurent.fr\/index.php?rest_route=%2Fwp%2Fv2%2Fproduct_cat&post=3405"},{"taxonomy":"product_tag","embeddable":true,"href":"https:\/\/moulin-paul-laurent.fr\/index.php?rest_route=%2Fwp%2Fv2%2Fproduct_tag&post=3405"}],"curies":[{"name":"wp","href":"https:\/\/api.w.org\/{rel}","templated":true}]}}